nd c?
3
Let k be (380 - 6)*(4 + -2)/4. Suppose 5*t = t + 68. What is the highest common divisor of k and t?
17
Let h = 17 + -20. Let c be 4*h/(9/(-12)). Let m be 2/(-4) + (-225)/(-2). What is the highest common divisor of m and c?
16
Suppose 2*n + 5*f = 85, 3*f = -n + 62 - 22. What is the highest common divisor of 11 and n?
11
Let z = 15 - 5. Let f = 25 - z. Suppose 0 = 5*v - f - 25. What is the greatest common divisor of v and 12?
4
Suppose 5*k + 3*j - 192 = 0, -k + 7 = -4*j - 13. Calculate the greatest common factor of k and 12.
12
Let n(d) = d**2 - 7*d + 10. Let j be n(9). What is the greatest common factor of 140 and j?
28
Let u(y) = 5*y + 17. Let t be u(-3). Let j = -4 + 7. Calculate the highest common divisor of t and j.
1
Suppose m + 3 + 1 = 3*n, 5*m - 20 = -5*n. Let x be (-8)/10*(-380)/8. Suppose s + 48 = 4*c + 15, -5*c + x = m*s. What is the greatest common factor of c and 16?
8
Let t = -29 - -92. Suppose 0 = 7*o - 9*o - 5*m + 39, o + 3*m = 22. Calculate the highest common factor of t and o.
7
Suppose 2*f + 2*f = 364. Let u = 105 - 67. Suppose -2*y - 4*x + u = 0, -2*y - 3*x = 2*x - 41. Calculate the highest common factor of y and f.
13
Let h be (-2)/(1 - 3)*5. Let v = 5 - 14. Let d be 3/v*0 + 1. What is the greatest common divisor of d and h?
1
Let l be -1*(-15)/((-6)/(-2)). Calculate the highest common factor of l and 5.
5
Let c = -2 + 1. Let k be (-3 - -12)/((-1)/c). What is the greatest common factor of 45 and k?
9
Suppose -2*l = 4*v - 198, -3*l = 5*v - 78 - 169. Let i(o) = 10*o - 20. Let p be i(4). What is the highest common factor of v and p?
10
Let z be (30/25)/(8/20). Calculate the greatest common divisor of z and 3.
3
Suppose u - 2*u = 5*v - 36, -2*u + 88 = 2*v. Let h = 136 + -21. What is the highest common divisor of h and u?
23
Let g(t) = -t - 4. Let j(f) = -3*f - 11. Let v(p) = 7*g(p) - 2*j(p). Let n be v(-8). Calculate the highest common divisor of 10 and n.
2
Let n = 54 - 32. Calculate the greatest common factor of 22 and n.
22
Let t(f) = 3*f**2 - 21*f + 18. Let j be t(8). What is the highest common factor of 378 and j?
42
Let h(y) = -y**3 - 7*y**2 - 7*y - 4. Let j be h(-6). Suppose 4*w = m - 64, 5*w = j*w - 3. Let c = -34 - -58. What is the greatest common divisor of c and m?
12
Let f(j) = 2*j**3 - 4*j**2 - j. Let k be f(3). Let a = -11 - -17. What is the greatest common divisor of k and a?
3
Let j be 8*9/(9/2). What is the highest common divisor of j and 24?
8
Suppose 4*g + a = 7, 0*a - 5 = 5*a. Suppose g*y - 290 = -3*y. Suppose y = -3*l + 160. What is the highest common divisor of 51 and l?
17
Suppose -35 = -4*y + 105. Suppose 22 = -2*f + f + 5*d, 0 = -3*f - 2*d + 19. Let b be (f/9)/((-1)/(-15)). Calculate the greatest common divisor of y and b.
5
Suppose k - 258 = -12*z + 11*z, 3*k - 5*z - 790 = 0. What is the greatest common factor of k and 20?
20
Suppose 4*k - 18 = 22. Suppose -160 = 5*q - k*q. What is the greatest common factor of q and 4?
4
Let c = 54 - 18. What is the highest common factor of 90 and c?
18
Suppose -52 = -4*l - 32. What is the highest common divisor of l and 5?
5
Let k(i) = 5*i**3 + 2*i. Let a be k(2). Suppose -4*z + a = -z - 4*t, -5*t = z - 40. Calculate the greatest common divisor of z and 180.
20
Let k(j) = -10*j + 2. Let c = 10 + -16. Let a be k(c). Let x = a + -38. Calculate the greatest common divisor of 6 and x.
6
Let i(d) = 1 + 6*d - 3 - 4. Let h be i(4). Calculate the greatest common factor of 2 and h.
2
Suppose -o + 5*o = 16. Suppose -6 = s - o*s. Calculate the greatest common factor of s and 6.
2
Let q(b) = 6*b - 81. Let a be q(19). Calculate the greatest common divisor of 3 and a.
3
Let h(y) = -3*y**2 - 1 - 2*y + 2*y**3 + 3*y**2. Let b be h(2). Suppose -4*n = -2*n - 154. What is the greatest common divisor of n and b?
11
Let t(g) = -g + 31. Let v be t(7). Let o(w) = -24*w. Let x be o(-2). Calculate the highest common factor of v and x.
24
Suppose -2*a + 50 = 3*a - 5*t, -3*t + 6 = 3*a. Let m be (2 + a/(-4))*20. Let b be 10*(-3)/(-27)*9. What is the greatest common factor of b and m?
10
Suppose -4*c + 3*d = -4, 2*c + 0*c - 2*d - 2 = 0. Let x be 8/4 - (c - 15). Let f be (40/(-15))/(2/(-36)). Calculate the highest common divisor of f and x.
16
Let s = -12 - -19. Let z = s + 0. Calculate the greatest common divisor of 28 and z.
7
Let p be 2 + -3 + 2 + 2. Let z be 4 - (-3)/(-6)*4. Let g be 14 - (3 + p)/z. What is the greatest common divisor of 11 and g?
11
Suppose -3*u + 49 + 122 = 0. Suppose 0 = -4*z + 130 + 22. Calculate the highest common divisor of u and z.
19
Let k = 5 - -4. Let m(i) = 2*i - 3. Let z be m(k). What is the highest common divisor of z and 15?
15
Let v = 0 - -6. Let h(z) be the first derivative of z**2/2 + 4*z - 1. Let f be h(v). Calculate the highest common factor of f and 10.
10
Suppose 4*t + 18 = 6*t. What is the highest common factor of t and 27?
9
Let n(a) = 3*a - 1. Let t(s) = 4*s. Let q(y) = 3*n(y) - 2*t(y). Let h be q(15). Calculate the greatest common factor of h and 30.
6
Suppose 0 = 4*c - 708 - 92. Suppose o - 2*o = -25. What is the greatest common factor of c and o?
25
Suppose -3*a = -15, -885 = -2*h - 2*h - a. Let z(v) = -2*v**2 + 6*v + 28. Let x be z(4). Calculate the highest common factor of x and h.
20
Let a(t) = t + 5. Let v be a(4). Suppose -4*j + h = -247, 3*h = -j - 3*j + 267. Calculate the highest common factor of j and v.
9
Suppose 3*w - 68 = -q, 5*q - 46 = -w - 0*q. Calculate the greatest common factor of w and 168.
21
Let h be -2*((-123)/2 + -2). Let f = h - 39. Suppose 0*n - 33 = -4*z - n, -28 = -4*z + 4*n. What is the highest common factor of z and f?
8
Let u(a) = -a**3 - 7*a**2 + 5*a + 1. Let x be u(-8). Calculate the highest common factor of x and 200.
25
Suppose 18 = -3*f - 3*m, -3*m - m = -3*f - 39. Let z be ((-3)/f)/((-1)/(-165)). Calculate the highest common factor of z and 5.
5
Let c(i) = i**2 - 2*i + 80. Let z be c(0). Suppose 0 = l - 6*l + z. What is the greatest common divisor of 128 and l?
16
Let i = 8 + -5. Suppose i*r = 5*r. Suppose r = 3*l - 71 + 26. What is the greatest common factor of 10 and l?
5
Let q = 42 - 30. What is the greatest common factor of 36 and q?
12
Let y be (-45)/(-6) - 1/(-2). What is the highest common factor of 24 and y?
8
Let l = 5 + -2. Suppose -l*t - 48 = -6*t. What is the highest common factor of 80 and t?
16
Let t(f) = -3*f**2 - 8*f - 2. Let b(z) = -4*z**2 - 8*z - 2. Let m(p) = -2*b(p) + 3*t(p). Let g be m(-6). What is the highest common factor of 20 and g?
10
Let d(r) = 10*r - 4. Let o be d(10). Suppose 0*u = u - 4*b, 4*b = 4*u - 36. Calculate the highest common divisor of u and o.
12
Let y(o) = -69*o + 2. Let x(h) = -h + 1. Let k(q) = 3*x(q) - y(q). Let g be k(2). Calculate the highest common factor of g and 19.
19
Let g be (-143 - 2)/(0 - -1). Let o be (-1)/(-3) - g/15. Suppose 35 = 3*q - 10. Calculate the highest common divisor of q and o.
5
Let n = 205 + -179. Let z be (2 - 1)/((-1)/(-208)). What is the greatest common factor of n and z?
26
Suppose 8 + 0 = 2*k. Suppose 3*i + 2*i - 3*v + 12 = 0, -5*v + 20 = 2*i. Let u = k + i. What is the greatest common factor of u and 12?
4
Let s be (48 - -10) + -1 + -3. What is the greatest common factor of s and 270?
54
Let d(j) = -j**2 + 7*j - 6. Let t be d(6). Suppose 5*m + 15 + 31 = 3*a, -3*m + 3 = t. What is the greatest common divisor of a and 51?
17
Let y(q) = 27*q**2 - 3*q + 2. Let j be y(2). What is the highest common factor of 26 and j?
26
Let d = -33 - -63. What is the greatest common divisor of d and 120?
30
Let i = -12 + 14. Let y(k) = 3*k**2 + 2*k. Let m be y(i). What is the highest common factor of 112 and m?
16
Suppose b + 4*l = -15, -4*l = 5*b - 23 + 82. Let z be -19*(-2 - -3)*-1. Let j = b + z. Calculate the greatest common divisor of 24 and j.
8
Let p be -1 - -111*(2 - 1). Calculate the highest common factor of 10 and p.
10
Let g(z) = 6*z - 4. Let s be g(8). Calculate the highest common factor of s and 66.
22
Let i = 3 - 1. Let w = 6 - i. Suppose 120 = w*u + m, -4*u - 5*m - 30 = -5*u. Calculate the highest common divisor of u and 10.
10
Suppose 4*h = 13 + 127. Let i = h - 20. Let q(l) = l**2 - l + 3. Let d be q(4). What is the greatest common factor of i and d?
15
Let g = 61 - 29. What is the highest common factor of g and 8?
8
Let a = -187 + 267